 + j + 3. What is l(0)?
3
Let k(r) = r**2 + 5*r + 35. Determine k(-6).
41
Let a(l) = l**3 - 3*l**2 - l - 1. Determine a(3).
-4
Let g(d) = d**2 - 5*d - 1. Calculate g(3).
-7
Let l(j) = j**3 - 11*j**2 + 24*j + 7. Calculate l(8).
7
Let g(o) = 5*o + 183. Determine g(-37).
-2
Let t(f) = -f - 3. Calculate t(2).
-5
Let x(l) = l**3 + l + 53. What is x(0)?
53
Let w(x) = -x**2 + 17*x - 50. What is w(15)?
-20
Let c(i) = -i**2 + 22*i - 29. What is c(20)?
11
Let j(w) = 4*w - 39. Determine j(8).
-7
Let q(b) = 20*b + 22. Give q(-4).
-58
Let q(x) = 67*x + 1. What is q(-1)?
-66
Let p(a) = -a**3 + 9*a**2 - a + 5. Calculate p(9).
-4
Let o(a) = 8*a - 9. Calculate o(8).
55
Let f(i) = -i**2 - 2*i + 9. What is f(2)?
1
Let x(v) = v**3 + 3*v**2 - v + 4. Give x(3).
55
Let h(s) = -2*s**3 - 2*s**2 + 10*s - 5. What is h(-3)?
1
Let j(c) = c**2 + 7*c + 2. Calculate j(-7).
2
Let u(t) = 2*t**3 + t**2 - 4*t - 2. Calculate u(-2).
-6
Let v(s) = s**2 + s - 68. Determine v(-9).
4
Let x(a) = -a - 3. What is x(-8)?
5
Let r(l) = -l**2 - 36*l - 171. Determine r(-30).
9
Let g(z) = -z**3 + 16*z**2 + z - 12. Give g(16).
4
Let u(f) = f**3 + 8*f**2 + 2*f - 15. Give u(-8).
-31
Let v(h) = -16*h - 35. What is v(-2)?
-3
Let c(g) = g**3 + 7*g**2 + 3. Calculate c(-3).
39
Let f(p) = -2*p**2 - 6*p + 2. Give f(1).
-6
Let b(h) = -h - 18. Give b(-16).
-2
Let l(s) = s**2 - 31*s + 147. Calculate l(7).
-21
Let f(j) = -54*j - 276. Give f(-5).
-6
Let u(w) = -2*w**2 + w + 2. Give u(-1).
-1
Let h(i) = i**3 - 17*i**2 - 84*i + 5. Determine h(21).
5
Let x(m) = m**3 + 2*m**2 - m + 1. What is x(-2)?
3
Let i(b) = -8*b**2 + 6*b - 8. What is i(1)?
-10
Let q(a) = a + 5. Give q(5).
10
Let a(t) = -t - 19. Calculate a(-17).
-2
Let d(j) = -j**3 + 14*j**2 - 42*j - 10. Calculate d(8).
38
Let p(l) = l - 3. Calculate p(-3).
-6
Let l(c) = -c**3 + 20*c**2 + 21*c - 14. Give l(21).
-14
Let h(w) = w**3 + 12*w**2 - 2*w - 27. Determine h(-12).
-3
Let r(j) = j**3 + 7*j**2 - 6*j + 1. Determine r(-8).
-15
Let u(n) = 2*n - 2. What is u(0)?
-2
Let f(m) = 57*m - 12. Give f(3).
159
Let r(k) = 4*k**2 - 8*k + 11. Calculate r(5).
71
Let q(v) = v**2 + 9*v - 5. What is q(-9)?
-5
Let f(x) = x + 27. Calculate f(-12).
15
Let g(c) = 3*c**3 - 2*c**2 - c. What is g(-1)?
-4
Let m(g) = 37*g**3 + g**2. Give m(-1).
-36
Let l(n) = -10*n + 634. Give l(64).
-6
Let b(a) = -a**2 + 11*a - 5. What is b(8)?
19
Let i(c) = -c**3 + 29*c**2 - 60*c + 137. What is i(27)?
-25
Let r(j) = 6*j**2 - 2. Determine r(1).
4
Let h(j) = j**3 - 8*j**2 + 2*j - 1. Determine h(8).
15
Let p(c) = c**3 + 9*c**2 - 9*c + 9. Give p(-10).
-1
Let n(i) = -i**3 - i**2 + 2*i - 3. Calculate n(2).
-11
Let g(f) = -f**3 - 2*f**2 - 2*f - 10. Determine g(-3).
5
Let c(j) = j**2 - 12*j - 159. What is c(-8)?
1
Let q(f) = f**3 + 25*f**2 + 3*f + 74. Give q(-25).
-1
Let x(y) = 50*y + 243. Determine x(-5).
-7
Let q(p) = p**2 - 9*p + 20. What is q(8)?
12
Let s(j) = 2*j**3 + j**2 - 7*j - 13. What is s(-3)?
-37
Let i(a) = 76*a - 62. Give i(1).
14
Let v(d) = -d**2 + 2*d + 4. Determine v(4).
-4
Let n(b) = 42*b - 708. Calculate n(17).
6
Let c(a) = 21*a + 95. Calculate c(-4).
11
Let d(v) = 14*v + 109. Give d(-9).
-17
Let n(i) = -i**2 + 5*i + 6. Give n(6).
0
Let n(q) = 8*q**2 - 2*q + 3. Calculate n(3).
69
Let p(l) = -l**3 + 7*l**2 + 3*l - 20. What is p(8)?
-60
Let n(y) = -y + 16. Determine n(18).
-2
Let g(c) = c**2 + 14*c + 36. Determine g(-3).
3
Let k(j) = j**2 + 18*j + 59. Give k(-16).
27
Let l(i) = i + 3. Give l(2).
5
Let s(q) = 2*q**2 - q + 2. Give s(-2).
12
Let y(d) = d**2 - 9*d + 12. Calculate y(5).
-8
Let t(z) = z**3 + 11*z**2 + 16*z + 54. Determine t(-10).
-6
Let a(u) = 4*u - 47. Give a(-14).
-103
Let q(a) = -12*a**3 - a**2 - 2*a. Calculate q(-1).
13
Let q(x) = -x**3 - 11*x**2 - 11*x + 3. Calculate q(-10).
13
Let f(n) = n**3 - 16*n**2 - 23*n + 14. Determine f(17).
-88
Let b(g) = -g**3 + 4*g**2 - 2*g - 1. Give b(2).
3
Let r(t) = 2*t + 30. Determine r(0).
30
Let f(g) = 4*g + 15. What is f(-7)?
-13
Let l(a) = 8*a - 485. Give l(61).
3
Let n(s) = -s**3 + 13*s**2 + 4. Give n(13).
4
Let z(c) = c**3 - 2*c**2 - 3*c + 1. Determine z(-2).
-9
Let z(f) = -f**2 - 23*f - 19. Determine z(-23).
-19
Let i(t) = 2*t**2 - 48*t + 4. What is i(24)?
4
Let g(m) = m**3 - 3*m**2 - 3*m + 7. Give g(4).
11
Let s(w) = -2*w**2 + 3*w - 9. Give s(2).
-11
Let a(p) = -p**3 + 4*p**2 + 9*p - 35. Calculate a(3).
1
Let a(w) = -w**3 + 4*w**2 - 2*w - 6. Calculate a(3).
-3
Let t(r) = -r + 6. What is t(5)?
1
Let a(f) = 4*f + 10. Determine a(-4).
-6
Let q(u) = -4*u - 4. Give q(2).
-12
Let o(s) = 2*s**3 - 44*s**2 + s + 7. Give o(22).
29
Let x(q) = q**3 - 19*q**2 - 2*q + 40. Determine x(19).
2
Let h(i) = 2*i**2 - 33*i - 44. Calculate h(18).
10
Let g(n) = -2*n - 21. Determine g(-10).
-1
Let v(x) = -12*x - 329. What is v(-27)?
-5
Let h(c) = 30*c + 123. Determine h(-4).
3
Let v(n) = n**2 + 27*n + 36. Calculate v(-26).
10
Let g(v) = 5*v + 24. Calculate g(-7).
-11
Let q(i) = -i**3 + 16*i**2 - 14*i - 21. Calculate q(15).
-6
Let c(o) = -14*o**2 - 4*o + 4. Calculate c(2).
-60
Let i(r) = -11*r + 21. Calculate i(5).
-34
Let h(a) = -13*a**2 + 2*a - 5. Give h(-3).
-128
Let z(q) = -28*q**2 - 4*q - 3. Give z(-2).
-107
Let g(j) = 3*j**2 - 5*j - 3. What is g(3)?
9
Let k(f) = f - 16. Determine k(7).
-9
Let r(o) = -o**2 + 12. What is r(0)?
12
Let b(g) = -g**3 - 18*g**2 + 19*g - 10. Determine b(-19).
-10
Let g(q) = q**3 - 3*q**2 - 2*q - 1. Give g(4).
7
Let a(x) = -23*x - 1216. Determine a(-53).
3
Let t(l) = -3*l**3 - 2*l**2 + l + 3. What is t(-1)?
3
Let z(l) = l**2 + 13*l + 17. What is z(-12)?
5
Let w(l) = l**2 - 18*l + 7. Calculate w(15).
-38
Let c(y) = 3*y - 2. Give c(-2).
-8
Let p(d) = d**2 + 13*d - 14. Determine p(-11).
-36
Let z(v) = v**3 - 21*v**2 - 22*v - 1. Give z(22).
-1
Let q(w) = 3*w**3 - 3*w**2 - 3*w + 1. Calculate q(-2).
-29
Let l(x) = -x**3 - 4*x**2 - x - 1. Calculate l(-3).
-7
Let c(s) = s**3 - 9*s**2 + 21*s - 28. What is c(6)?
-10
Let u(z) = 2*z**2 - 10*z + 5. Determine u(5).
5
Let t(f) = -16*f - 3. Give t(-2).
29
Let d(m) = -m**2 + 11*m - 3. Give d(6).
27
Let h(w) = w**2 - 58*w + 753. Calculate h(38).
-7
Let n(o) = 2*o + 61. Calculate n(-11).
39
Let d(y) = 2*y - 18. Determine d(5).
-8
Let c(s) = s**2 - s + 8. Determine c(4).
20
Let r(i) = i**3 + 11*i**2 + 29*i - 6. Determine r(-5).
-1
Let y(r) = -7*r + 3. Give y(1).
-4
Let r(t) = 2*t**3 - 142*t**2 - 144*t - 10. Determine r(72).
-10
Let a(y) = y**3 - 7*y**2 - y - 1. Give a(7).
-8
Let g(x) = -x**2 - 14*x - 29. Determine g(-11).
4
Let q(h) = -2*h**3 - 6*h**2 - 2*h - 1. What is q(-4)?
39
Let g(r) = -r**2 + 13*r + 50. Calculate g(19).
-64
Let i(v) = 9*v**2 + 8*v - 6. Determine i(1).
11
Let q(a) = 4*a**2 - a. What is q(-1)?
5
Let r(p) = -2*p - 3. Calculate r(8).
-19
Let r(y) = -35*y**2 - 5*y + 1. Calculate r(-1).
-29
Let i(h) = 23*h**2 - 2*h. Give i(-1).
25
Let k(c) = 12*c - 61. Determine k(5).
-1
Let q(r) = r**2 + 3*r - 7. What is q(3)?
11
Let t(v) = 4*v + 129. Determine t(-33).
-3
Let c(j) = -11*j - 153. What is c(-14)?
1
Let o(p) = 23*p - 6. What is o(-2)?
-52
Let z(n) = -11*n**2 + 107*n + 25. Give z(10).
-5
Let j(c) = -c**2 - 5*c + 44. Determine j(-10).
-6
Let n(o) = 24*o + 8. Determine n(-5).
-112
Let y(f) = f**3 + f + 6. What is y(0)?
6
Let z(j) = j**2 - j + 4. What is z(-3)?
16
Let u(z) = -101*z + 290. What is u(3)?
-13
Let j(g) = -g**3 - 12*g**2 - 8*g - 28. Calculate j(-12).
68
Let w(y) = 5*y**2 - y. Give w(-1).
6
Let i(a) = a**2 + 12*a - 5. Calculate i(-11).
-16
Let b(v) = -15*v - 20. Give b(-6).
70
Let f(s) = s**3 + 3*s**2 + s - 1. What is f(-2)?
1
Let u(h) = h**2 + h + 3. What is u(-5)?
23
Let h(c) = 10*c + 136. Calculate h(-13).
6
Let q(a) = -a + 1. Calculate q(-11).
12
Let a(s) = -7*s**2 + 2*s - 1. Calculate a(-2).
-33
Let p(r) = 12*r**2 + 195*r + 43. Determine p(-16).
-5
Let x(n) = -n**2 - 8*n - 15. Determine x(-4).
1
Let c(y) = -y**2 + 53*y + 104. Calculate c(-2).
-6
Let o(i) = i**2 + 5*i - 24. What is o(-8)?
0
Let q(j) = -j**3 - 12*j**2 - 13*j - 6. Determine q(-11).
16
Let a(o) = -o**2 - 11*o - 11. What is a(-8)?
13
Let t(i) = i**3 + i**2 - 5*i + 3. Calculate t(-3).
0
Let v(z) = z**2 - 8*z + 18. Determine v(6).
6
Let u(v) = 2*v**2 - 60*v + 51. Give u(29).
-7
Let h(f) = f**3 + 6*f**2 - 2*f - 8. Calculate h(-6).
4
Let o(j) = -14*j - 165. What is o(-12)?
3
Let a(w) = -69*w - 124. Give a(-2)